{"id":12,"date":"2016-02-08T15:48:42","date_gmt":"2016-02-08T15:48:42","guid":{"rendered":"http:\/\/new.abbaye-st-denis.be\/?page_id=12"},"modified":"2020-05-18T13:21:13","modified_gmt":"2020-05-18T11:21:13","slug":"evenements","status":"publish","type":"page","link":"https:\/\/abbaye-st-denis.be\/index.php\/evenements\/","title":{"rendered":"La \u00ab\u00a0F\u00eate\u00a0\u00bb"},"content":{"rendered":"<p><strong>Saint-Denis en Brocqueroie \u2026 une tradition de LA F\u00caTE <\/strong><\/p>\n<p>&nbsp;<\/p>\n<p>C\u2019\u00e9tait en 1981.<\/p>\n<p>Cette ann\u00e9e-l\u00e0, nous voulions marquer le <strong>neuvi\u00e8me centenaire<\/strong> de la fondation de l\u2019abbaye (1081 donc). Nous n\u2019\u00e9tions coop\u00e9rative que depuis trois ans et plusieurs n\u2019\u00e9taient pas encore install\u00e9s dans&nbsp; leurs lots.<\/p>\n<p>Comme c\u2019\u00e9tait la mode \u00e0 cette \u00e9poque, nous avons voulu faire un <strong>week-end d\u2019artisans et de brocante<\/strong>. C\u2019est Luce, Monique et leur Capricorne qui ont alors pris les choses en main.<\/p>\n<p>En m\u00eame temps, on s\u2019est dit qu\u2019il fallait faire un <strong>week-end culturel et historique<\/strong> (forc\u00e9ment, 9<sup>e<\/sup> centenaire oblige).<\/p>\n<p>Enfin, on ajouta un <strong>week-end sportif<\/strong> \u2026 et je ne sais plus tr\u00e8s bien ce qu\u2019il comportait.<\/p>\n<p>&nbsp;<\/p>\n<p>Le choix de la date s\u2019inscrivit aussi dans la tradition locale puisqu\u2019on nous avions d\u00e9cid\u00e9 de nous centrer sur le dernier week-end avant la rentr\u00e9e, date de l\u2019ancienne f\u00eate que la Filature organisait pour ses ouvriers (\u00e0 la Saint-Louis, le 25 ao\u00fbt).<\/p>\n<p>Le week-end culturel a \u00e9t\u00e9 une belle r\u00e9ussite. Les visiteurs ont red\u00e9couvert l\u2019abbaye et il y a eu plein d\u2019\u00e9changes, le d\u00e9but des retrouvailles entre l\u2019abbaye et les localit\u00e9s environnantes. Longtemps oubli\u00e9e et engourdie, l\u2019abbaye se r\u00e9veillait et attirait toutes les attentions.<\/p>\n<p>Mais c\u2019est le <strong>week-end \u00ab&nbsp;brocante et artisans&nbsp;\u00bb<\/strong> (avec des animations) qui nous a vraiment surpris et, m\u00eame, carr\u00e9ment d\u00e9pass\u00e9s. Pour la premi\u00e8re fois, ce fut la foule. Des milliers de personnes attir\u00e9es par une tr\u00e8s large couverture presse et par une mobilisation sans faille de tous les coop\u00e9rateurs. On \u00e9tait tous en train de travailler dans les bars et dans les animations et on venait nous dire que c\u2019\u00e9tait la pagaille dans le village, que tout \u00e9tait bloqu\u00e9, qu\u2019il y avait des voitures partout et que l\u2019on se garait n\u2019importe comment. Inattendu et inesp\u00e9r\u00e9.<\/p>\n<p>&nbsp;<\/p>\n<p>Deux conclusions en furent rapidement retir\u00e9es. La premi\u00e8re fut qu\u2019il fallait que nous ayons notre bi\u00e8re et tel fut l\u2019acte de <strong>naissance de la brocqueroise<\/strong>, vaste fleuve de bi\u00e8re traditionnelle non filtr\u00e9e qui nous fit voguer pendant vingt ans de f\u00eate et f\u00eate. La deuxi\u00e8me fut qu\u2019il nous fallait une asbl (<strong>les Amis de l\u2019Abbaye de Saint-Denis en Brocqueroie<\/strong>), que celle-ci serait l\u2019organisatrice de nos activit\u00e9s culturelles et que ses b\u00e9n\u00e9fices serviraient uniquement \u00e0 la conservation et \u00e0 la restauration des composantes patrimoniales du site. \u00c0 ceci pr\u00e8s que ces interventions ne pourraient b\u00e9n\u00e9ficier aux coop\u00e9rateurs. Il s\u2019agissait d\u2019<strong>\u0153uvrer en faveur du patrimoine <\/strong>r\u00e9gional. Au profit de tous les amateurs de patrimoine naturel et culturel.<\/p>\n<p>&nbsp;<\/p>\n<p>Avec les ann\u00e9es, nous pr\u00eemes de la bouteille. Nous avions nos brocanteurs et nos artisans habitu\u00e9s. Nous fa\u00e7onnions <strong>un large programme d\u2019animations<\/strong> qui allait du th\u00e9\u00e2tre de rue aux inoubliables soir\u00e9es percussion le samedi soir dans la grange. Le temps fut le plus souvent de notre c\u00f4t\u00e9. Et l\u2019affluence fut, d\u2019ann\u00e9e en ann\u00e9e, de plus en plus grande. Une ann\u00e9e, nous f\u00fbmes sans doute \u00e0 deux doigts des 10.000 visiteurs sur le week-end. Et c\u2019\u00e9tait magie de les voir entrer \u00e0 flot continu le dimanche apr\u00e8s-midi. Il doit en rester bien des souvenirs dans&nbsp;la t\u00eate des Son\u00e9giens, des Montois et des autres qui se pressaient alors dans nos murs.<\/p>\n<p>&nbsp;<\/p>\n<p>Avec le temps, les frais fixes sont devenus de plus en plus importants. Tout comme les co\u00fbts des animations et des groupes musicaux. D\u2019autant qu\u2019une brocante libre s\u2019\u00e9tait install\u00e9e dans le village, retenant longuement les visiteurs avant d\u2019arriver \u00e0 l\u2019abbaye. Sans doute y eut-il aussi, apr\u00e8s 20 ans, le sentiment du devoir accompli. D\u2019autant que nous avions introduit aupr\u00e8s de la Fondation Roi Baudouin un projet de consolidation des Grandes&nbsp; Ruines, projet qui nous fit d\u00e9penser l\u2019\u00e9quivalent de 100.000 euros d\u2019aujourd\u2019hui.<\/p>\n<p>&nbsp;<\/p>\n<p>Mais l\u2019abbaye en F\u00caTE est l\u00e0 comme un bagage g\u00e9n\u00e9tique, comme une nostalgie. Ponctuellement, nous avons voulu des moments de manifestations originales et de grande envergure (mais \u00e9videmment, nous avons aussi fait <strong>des \u00ab&nbsp;petites&nbsp;\u00bb f\u00eates<\/strong> <strong>avec du th\u00e9\u00e2tre, des concerts, des conf\u00e9rences<\/strong> \u2026). Il y eut, notamment, les Diables, grand spectacle pyrotechnique et ambulant, \u00e0 la nuit tomb\u00e9e, dans&nbsp;les coins secrets de l\u2019abbaye. Il y eut aussi la cr\u00e9ation originale de ce qui aurait pu devenir un festival de l\u2019\u00e9t\u00e9 mais qui n\u2019eut qu\u2019une seule \u00e9dition <strong>\u00ab&nbsp;L\u2019Ou\u00efe qui Danse&nbsp;\u00bb<\/strong> (pour \u00ab&nbsp;Louis&nbsp;\u00bb qui danse&nbsp;?), une f\u00eate d\u00e9cal\u00e9e avec tentes, chapiteau de cirque pour les Ogres de Barback et percussions en folie (festival qui fit, presque, du b\u00e9n\u00e9fice). Dans le m\u00eame esprit, on initia \u00e9galement un B\u2019Rock-Challenge \u2026<\/p>\n<p>&nbsp;<\/p>\n<p>Depuis 1996, l\u2019abbaye accueillait une journ\u00e9e \u00ab&nbsp;Art et Vins&nbsp;\u00bb du club Rotary de Soignies (11 novembre) qui connaissait un succ\u00e8s d\u2019estime. En 2006, la manifestation devint <strong>\u00ab&nbsp;art et saveur&nbsp;\u00bb<\/strong> et se d\u00e9pla\u00e7a vers un week-end estival qui fut \u2026 \u00e9videmment, le dernier week-end d\u2019ao\u00fbt. Bien s\u00fbr, ce n\u2019est plus la f\u00eate des coop\u00e9rateurs mais on s\u2019y croirait et les habitants de l\u2019abbaye continuent \u00e0 en partager l\u2019ambiance.<\/p>\n<p>&nbsp;<\/p>\n<p>Puis vint <strong>Mons 2015<\/strong> et l\u2019id\u00e9e d\u2019un partenariat entre le Rotary de Soignies et l\u2019asbl des Amis de l\u2019Abbaye. Un vrai fant\u00f4me, apparu \u00e0 l\u2019abbaye en 1636, suscita l\u2019id\u00e9e. D\u2019autres fant\u00f4mes le rejoignirent et l\u2019on assista ainsi, entre le coucher du soleil et les douze coups de minuits, \u00e0 une invasion teint\u00e9 de myst\u00e8re et d\u2019humour, invasion qui fut aussi celle des participants puisque c\u2019est pr\u00e8s d\u2019un millier de personnes qui particip\u00e8rent aux deux \u00e9ditions de ce spectacle historique cr\u00e9\u00e9 pour la premi\u00e8re fois \u00e0 cette occasion.<\/p>\n<p>&nbsp;<\/p>\n<p><strong>Les habitants de l\u2019abbaye ont la f\u00eate chevill\u00e9e \u00e0 leur histoire. <\/strong><\/p>\n<p>Une f\u00eate qui doit beaucoup \u00e0 leur dynamisme et \u00e0 leur engagement ann\u00e9e apr\u00e8s ann\u00e9e.<\/p>\n<p>Mais une f\u00eate qui, sans doute, doit aussi au site qui l\u2019accueille et qui cr\u00e9e toutes les conditions d\u2019un \u00e9v\u00e9nementiel unique qu\u2019on ne trouve finalement que dans l\u2019ancien enclos des moines de Saint-Denis.<\/p>\n<p>&nbsp;<\/p>\n<p>Texte G\u00e9rard Bavay<\/p>\n<p>&nbsp;<\/p>\n","protected":false},"excerpt":{"rendered":"<p>Saint-Denis en Brocqueroie \u2026 une tradition de LA F\u00caTE &nbsp; C\u2019\u00e9tait en 1981. Cette ann\u00e9e-l\u00e0, nous voulions marquer le neuvi\u00e8me centenaire de la fondation de l\u2019abbaye (1081 donc). Nous n\u2019\u00e9tions coop\u00e9rative que depuis trois ans et plusieurs n\u2019\u00e9taient pas encore install\u00e9s dans&nbsp; leurs lots. Comme c\u2019\u00e9tait la mode \u00e0 cette \u00e9poque, nous avons voulu faire [&hellip;]<\/p>\n","protected":false},"author":3,"featured_media":0,"parent":0,"menu_order":0,"comment_status":"closed","ping_status":"closed","template":"","meta":{"footnotes":""},"class_list":["post-12","page","type-page","status-publish","hentry"],"_links":{"self":[{"href":"https:\/\/abbaye-st-denis.be\/index.php\/wp-json\/wp\/v2\/pages\/12","targetHints":{"allow":["GET"]}}],"collection":[{"href":"https:\/\/abbaye-st-denis.be\/index.php\/wp-json\/wp\/v2\/pages"}],"about":[{"href":"https:\/\/abbaye-st-denis.be\/index.php\/wp-json\/wp\/v2\/types\/page"}],"author":[{"embeddable":true,"href":"https:\/\/abbaye-st-denis.be\/index.php\/wp-json\/wp\/v2\/users\/3"}],"replies":[{"embeddable":true,"href":"https:\/\/abbaye-st-denis.be\/index.php\/wp-json\/wp\/v2\/comments?post=12"}],"version-history":[{"count":7,"href":"https:\/\/abbaye-st-denis.be\/index.php\/wp-json\/wp\/v2\/pages\/12\/revisions"}],"predecessor-version":[{"id":591,"href":"https:\/\/abbaye-st-denis.be\/index.php\/wp-json\/wp\/v2\/pages\/12\/revisions\/591"}],"wp:attachment":[{"href":"https:\/\/abbaye-st-denis.be\/index.php\/wp-json\/wp\/v2\/media?parent=12"}],"curies":[{"name":"wp","href":"https:\/\/api.w.org\/{rel}","templated":true}]}}