{"id":486,"date":"2017-10-01T13:31:37","date_gmt":"2017-10-01T11:31:37","guid":{"rendered":"http:\/\/new.abbaye-st-denis.be\/?page_id=486"},"modified":"2017-10-01T14:08:38","modified_gmt":"2017-10-01T12:08:38","slug":"programme","status":"publish","type":"page","link":"https:\/\/abbaye-st-denis.be\/index.php\/programme\/","title":{"rendered":"Mons 2018"},"content":{"rendered":"<table>\n<tbody>\n<tr>\n<td width=\"178\">\n<p style=\"text-align: right;\"><span style=\"color: #99cc00;\"><strong>09.00 h<\/strong><\/span><\/p>\n<\/td>\n<td width=\"21\">&nbsp;<\/td>\n<td width=\"556\">Un d\u00e9jeuner costaud pour aller, en musique, \u00e0 la rencontre des arbres (6.00 \u20ac sur r\u00e9servation au 0496\/69 70&nbsp; 92.<\/td>\n<\/tr>\n<tr>\n<td width=\"178\">\n<p style=\"text-align: right;\"><span style=\"color: #99cc00;\"><strong>A partir de 10.00 h<\/strong><\/span><\/p>\n<\/td>\n<td width=\"21\">&nbsp;<\/td>\n<td width=\"556\">Artisans du bois, balyrinthe, d\u00e9couverte nature, conte en l&rsquo;air, grimpe s\u00e9curis\u00e9e, ateliers cr\u00e9atifs.<\/td>\n<\/tr>\n<tr>\n<td width=\"178\">\n<p style=\"text-align: right;\"><span style=\"color: #99cc00;\"><strong>11.00 h<\/strong><\/span><\/p>\n<\/td>\n<td width=\"21\">&nbsp;<\/td>\n<td width=\"556\">Ap\u00e9ro musical, concerts, artistes itin\u00e9rants.<\/td>\n<\/tr>\n<tr>\n<td width=\"178\">\n<p style=\"text-align: right;\"><span style=\"color: #99cc00;\"><strong>15.00 h<\/strong><\/span><\/p>\n<\/td>\n<td width=\"21\">&nbsp;<\/td>\n<td width=\"556\">Spectacle \u00ab\u00a0Acrobates et Musiciens\u00a0\u00bb dans les platanes de la Grande Cour.<\/td>\n<\/tr>\n<tr>\n<td width=\"178\">\n<p style=\"text-align: right;\"><span style=\"color: #99cc00;\"><strong>18.00 h<\/strong><\/span><\/p>\n<\/td>\n<td width=\"21\">&nbsp;<\/td>\n<td width=\"556\">Spectacle \u00ab\u00a0Acrobates et Musiciens\u00a0\u00bb dans la charpente de la Grange aux D\u00eemes.<\/td>\n<\/tr>\n<tr>\n<td width=\"178\">\n<p style=\"text-align: right;\"><span style=\"color: #99cc00;\"><strong>19.00 h<\/strong><\/span><\/p>\n<\/td>\n<td width=\"21\">&nbsp;<\/td>\n<td width=\"556\">Concert, DJ Set, Eclairages et chansons<\/td>\n<\/tr>\n<tr>\n<td width=\"178\">\n<p style=\"text-align: right;\"><span style=\"color: #99cc00;\"><strong>20.00 h<\/strong><\/span><\/p>\n<\/td>\n<td width=\"21\">&nbsp;<\/td>\n<td width=\"556\">Attention Jongleurs ! (Les acrobates du feu \u00e0 l&rsquo;heure du Phoenix)<\/td>\n<\/tr>\n<\/tbody>\n<\/table>\n<p>&nbsp;<\/p>\n<p>&nbsp;<\/p>\n","protected":false},"excerpt":{"rendered":"<p>09.00 h &nbsp; Un d\u00e9jeuner costaud pour aller, en musique, \u00e0 la rencontre des arbres (6.00 \u20ac sur r\u00e9servation au 0496\/69 70&nbsp; 92. A partir de 10.00 h &nbsp; Artisans du bois, balyrinthe, d\u00e9couverte nature, conte en l&rsquo;air, grimpe s\u00e9curis\u00e9e, ateliers cr\u00e9atifs. 11.00 h &nbsp; Ap\u00e9ro musical, concerts, artistes itin\u00e9rants. 15.00 h &nbsp; Spectacle \u00ab\u00a0Acrobates [&hellip;]<\/p>\n","protected":false},"author":2,"featured_media":0,"parent":0,"menu_order":0,"comment_status":"closed","ping_status":"closed","template":"","meta":{"footnotes":""},"class_list":["post-486","page","type-page","status-publish","hentry"],"_links":{"self":[{"href":"https:\/\/abbaye-st-denis.be\/index.php\/wp-json\/wp\/v2\/pages\/486","targetHints":{"allow":["GET"]}}],"collection":[{"href":"https:\/\/abbaye-st-denis.be\/index.php\/wp-json\/wp\/v2\/pages"}],"about":[{"href":"https:\/\/abbaye-st-denis.be\/index.php\/wp-json\/wp\/v2\/types\/page"}],"author":[{"embeddable":true,"href":"https:\/\/abbaye-st-denis.be\/index.php\/wp-json\/wp\/v2\/users\/2"}],"replies":[{"embeddable":true,"href":"https:\/\/abbaye-st-denis.be\/index.php\/wp-json\/wp\/v2\/comments?post=486"}],"version-history":[{"count":4,"href":"https:\/\/abbaye-st-denis.be\/index.php\/wp-json\/wp\/v2\/pages\/486\/revisions"}],"predecessor-version":[{"id":490,"href":"https:\/\/abbaye-st-denis.be\/index.php\/wp-json\/wp\/v2\/pages\/486\/revisions\/490"}],"wp:attachment":[{"href":"https:\/\/abbaye-st-denis.be\/index.php\/wp-json\/wp\/v2\/media?parent=486"}],"curies":[{"name":"wp","href":"https:\/\/api.w.org\/{rel}","templated":true}]}}

<table>
<tbody>
<tr>
<td width="178">
<p style="text-align: right;"><span style="color: #99cc00;"><strong>09.00 h</strong></span></p>
</td>
<td width="21">&nbsp;</td>
<td width="556">Un déjeuner costaud pour aller, en musique, à la rencontre des arbres (6.00 € sur réservation au 0496/69 70&nbsp; 92.</td>
</tr>
<tr>
<td width="178">
<p style="text-align: right;"><span style="color: #99cc00;"><strong>A partir de 10.00 h</strong></span></p>
</td>
<td width="21">&nbsp;</td>
<td width="556">Artisans du bois, balyrinthe, découverte nature, conte en l&rsquo;air, grimpe sécurisée, ateliers créatifs.</td>
</tr>
<tr>
<td width="178">
<p style="text-align: right;"><span style="color: #99cc00;"><strong>11.00 h</strong></span></p>
</td>
<td width="21">&nbsp;</td>
<td width="556">Apéro musical, concerts, artistes itinérants.</td>
</tr>
<tr>
<td width="178">
<p style="text-align: right;"><span style="color: #99cc00;"><strong>15.00 h</strong></span></p>
</td>
<td width="21">&nbsp;</td>
<td width="556">Spectacle « Acrobates et Musiciens » dans les platanes de la Grande Cour.</td>
</tr>
<tr>
<td width="178">
<p style="text-align: right;"><span style="color: #99cc00;"><strong>18.00 h</strong></span></p>
</td>
<td width="21">&nbsp;</td>
<td width="556">Spectacle « Acrobates et Musiciens » dans la charpente de la Grange aux Dîmes.</td>
</tr>
<tr>
<td width="178">
<p style="text-align: right;"><span style="color: #99cc00;"><strong>19.00 h</strong></span></p>
</td>
<td width="21">&nbsp;</td>
<td width="556">Concert, DJ Set, Eclairages et chansons</td>
</tr>
<tr>
<td width="178">
<p style="text-align: right;"><span style="color: #99cc00;"><strong>20.00 h</strong></span></p>
</td>
<td width="21">&nbsp;</td>
<td width="556">Attention Jongleurs ! (Les acrobates du feu à l&rsquo;heure du Phoenix)</td>
</tr>
</tbody>
</table>
<p>&nbsp;</p>
<p>&nbsp;</p>

<p>09.00 h &nbsp; Un déjeuner costaud pour aller, en musique, à la rencontre des arbres (6.00 € sur réservation au 0496/69 70&nbsp; 92. A partir de 10.00 h &nbsp; Artisans du bois, balyrinthe, découverte nature, conte en l&rsquo;air, grimpe sécurisée, ateliers créatifs. 11.00 h &nbsp; Apéro musical, concerts, artistes itinérants. 15.00 h &nbsp; Spectacle « Acrobates [&hellip;]</p>
